3/27 + (-1 - (-8)/3)?
2, 11, 127
Suppose 8*u - 31 = 1. Suppose 2*a + 9 = 1, 5*o - u*a = -219. Let y = o + 98. List the prime factors of y.
3, 17
Let n(p) = 129*p**2 - 36*p + 88. List the prime factors of n(5).
13, 241
Let s be ((-4)/(-6))/(-9*(-2)/1350). Suppose 16 + 116 = -4*z. Let q = s + z. What are the prime factors of q?
17
Let w(n) = 5*n**3 + 4*n**2 - 20*n - 73. What are the prime factors of w(9)?
2, 929
Suppose -4*h + 621 = -23*r + 24*r, -h + 1249 = 2*r. List the prime factors of r.
5
Let x(i) = -i**2 - 4*i - 8. Let z be x(-18). What are the prime factors of 2/(-4)*(z + -2)?
131
Let u = 7 - 7. Suppose 4*s = -u*s - 5*w + 79, 3*s - w - 83 = 0. Let f = 46 - s. List the prime factors of f.
2, 5
Suppose -k - 239 = -990. List the prime factors of k.
751
Let i(w) be the third derivative of -1/2*w**3 + 7*w**2 + 0 + 0*w + 1/8*w**4. What are the prime factors of i(6)?
3, 5
Let w(u) = -u**2 + 10*u - 8. Let n be w(6). Suppose -q = 3*q - n, -4*q + 212 = 2*f. List the prime factors of f.
2, 7
Suppose 0 = -34*g + 35*g, 2*g = 5*w - 7505. List the prime factors of w.
19, 79
Suppose 21*x - 2*x - 27037 = 0. List the prime factors of x.
1423
Let g(x) = 9*x - 35. Let s be g(4). Suppose 5*v - 5*y - 475 = 0, 2*v - 188 = -y - s. List the prime factors of v.
2, 47
List the prime factors of (10/(-4))/(11/(-3102)).
3, 5, 47
Let x(d) = -83*d - 3. Let w be x(-3). Suppose -5*s + w = -2*s. What are the prime factors of s?
2, 41
Let g(h) be the third derivative of h**6/120 + h**5/15 - 5*h**4/24 - h**3/6 + 2*h**2 + 31. List the prime factors of g(6).
7, 47
Let h = 1386 - 651. List the prime factors of h.
3, 5, 7
List the prime factors of 22/165 - (-11548)/15.
2, 5, 7, 11
Suppose -g - 1921 = -2*j - 3*j, 0 = -5*j + 5*g + 1925. List the prime factors of j.
2, 3
Let k = 102 + 116. List the prime factors of k.
2, 109
Suppose 2*o + 3*q = 579, 282 = o - 18*q + 17*q. What are the prime factors of o?
3, 5, 19
Let z be -2*(-12)/(-8) + 2. What are the prime factors of 2*4*(z + 45/4)?
2, 41
Suppose -5*s - v + 32 + 18 = 0, -5*s + 50 = 5*v. Let m(n) = 2*n**2 - 9*n - 14. What are the prime factors of m(s)?
2, 3
Suppose 777 = 4*t - 63. Let z = t - -20. What are the prime factors of z?
2, 5, 23
Suppose 17*f + 1341 = 12918. List the prime factors of f.
3, 227
Let d = -1619 + 2677. List the prime factors of d.
2, 23
Let p(i) = 7*i**2 + 9*i + 24. Let o = -88 + 84. What are the prime factors of p(o)?
2, 5
Suppose -5*v + 2*h + 18 = 0, 7*h + 8 = -2*v + 4*h. Suppose -12 = -4*i, -l + v*i = -2*i + 3. What are the prime factors of l?
3
Let o(p) be the second derivative of -10/3*p**3 + 8*p + 0 + 3*p**2. List the prime factors of o(-3).
2, 3, 11
Let g(d) = d - 1. Let h(k) = 11*k - 45. Let q(o) = -4*g(o) + h(o). List the prime factors of q(22).
113
Let h = -28 + 55. Let x be (-1 + 0)/((-8)/(-24)). List the prime factors of (h/(-12))/(x/24).
2, 3
Let j(q) = q**3 - 2*q**2 + 5*q - 7. Let z be j(2). What are the prime factors of 14/((-1 + 0 + z)/1)?
7
Let c = 68 + -86. Let q = c + 69. List the prime factors of q.
3, 17
Let o(l) = -l**3 - 15*l**2 - 15*l + 11. Let i(r) = -r**2 - 5*r - 8. Let w be i(-6). Let u be o(w). Suppose 5*s - 210 = u. List the prime factors of s.
47
Suppose -3*u + 3*d + 0 - 3 = 0, 5*u - 1 = 2*d. Suppose -4*n + 21 = 3*s, 0 = -s + 4 - u. Let v = n + 5. What are the prime factors of v?
2
Suppose -t - 3*t + 105 = -3*o, -3*t + o + 85 = 0. Let z = t + 1. List the prime factors of z.
31
Let g = 1791 + 2789. What are the prime factors of g?
2, 5, 229
Suppose -3*b - 2*a = -22, 5*b + 3*a - 16 - 19 = 0. Suppose 0 = -3*h + 2*u + 79 + 51, -174 = -b*h + 2*u. What are the prime factors of h?
2, 11
Let o be 1/(-1 + 4/(-148)*-38). Suppose 336 = -33*u + o*u. List the prime factors of u.
2, 3, 7
Suppose -55*z + 33515 = -78685. What are the prime factors of z?
2, 3, 5, 17
Let d = 2838 - 286. List the prime factors of d.
2, 11, 29
Let q(n) = -140*n - 25. List the prime factors of q(-14).
3, 5, 43
Let o be 9/(-18)*(-8 + 0). Suppose o = -2*j + 6*j. What are the prime factors of 7 + (j - 2)*1?
2, 3
Let m = -219 + 554. What are the prime factors of m?
5, 67
Let m = 6288 - 3394. List the prime factors of m.
2, 1447
Let l be -7*(-2 + (-8)/(-14)). Let g = 36 - 34. Suppose -5*q = -3*v - 2*v - l, 0 = g*q - v - 4. What are the prime factors of q?
2
Let j(c) = 16*c**2 + 2*c - 2. What are the prime factors of j(-5)?
2, 97
Let z = 117 + 8. Let c be (-3 - 0)*35/(-21). Suppose 2*f - 37 = -t + c*f, 5*t - 3*f - z = 0. What are the prime factors of t?
2, 11
Let w(u) = -u**3 + 5*u**2 + 12 + 10*u**2 - 16*u - 3 + 2*u**3. What are the prime factors of w(-16)?
3
Let k = -198 + 115. Let t = -53 - k. List the prime factors of t.
2, 3, 5
Let c be (2 - -3)*(-14)/(-10). Let i = c - 4. Suppose 0 = 6*x - i*x - 132. List the prime factors of x.
2, 11
Let o be (-12)/(-14)*105/30. Suppose v + 2*w - 28 = 4*v, -o*w = 2*v + 36. List the prime factors of (-285)/v + 1/4.
2, 3
Let k = -533 + 5989. What are the prime factors of k?
2, 11, 31
Let s = 4 - -7. Suppose 14*t - 6 = s*t. Suppose 4*v - 91 = -g, t*g + 24 = v + 8. List the prime factors of v.
2, 11
Suppose -5*m = -3*m + 260. Let r = m - -262. What are the prime factors of r?
2, 3, 11
Let u be (-46)/(-2 + 0)*-1. Let z be ((-3)/(-2))/((-6)/64). Let r = z - u. What are the prime factors of r?
7
Suppose -h + 5*h = g, 0 = -g + 3*h. Suppose -2*j - 2*j = -3*d + 1716, 5*j = -15. Suppose -5*c + 13*c - d = g. What are the prime factors of c?
71
List the prime factors of (-16)/(-20)*-5 + 8*1.
2
Let r(w) = 2*w + 0 + 0*w + 0. Suppose 2*f = f + 6. List the prime factors of r(f).
2, 3
List the prime factors of ((-2124)/(-1))/(-49 + 50).
2, 3, 59
Suppose -11*s + 547 = 96. List the prime factors of s/((-1)/1 - (-30)/25).
5, 41
Let u(v) = 41*v - 193. What are the prime factors of u(11)?
2, 3, 43
Let y(v) = v**2 + 3*v**2 + 2 + 2*v**2 - v - 5*v**2. Let i be y(2). Suppose -c = -0*c - 5*m - 38, -i*m = -3*c + 59. What are the prime factors of c?
13
Let o = 437 + -132. Suppose -469 = -6*s + o. What are the prime factors of s?
3, 43
Suppose 24*j = 2862 + 9114. List the prime factors of j.
499
Let a(z) be the second derivative of z**5/20 - z**4/3 - z**3/2 + 2*z**2 + z. Let c(g) = g**2 - 21*g - 95. Let q be c(25). List the prime factors of a(q).
2, 7
Let k(o) = o - 11. Let n = 25 - 14. Let j be k(n). Suppose j = 3*z - 16 - 41. What are the prime factors of z?
19
Let g(o) be the first derivative of 3*o**3 - o + 8. Let f be g(-1). Suppose 18 = 10*c - f*c. What are the prime factors of c?
3
Let s = -687 + 1223. What are the prime factors of s?
2, 67
Suppose 0 = -66*m + 62*m - n + 16289, 0 = -5*m - n + 20362. What are the prime factors of m?
4073
Suppose -6*l + 1797 = -2049. What are the prime factors of l?
641
Let d = -934 - -1347. What are the prime factors of d?
7, 59
Suppose -c + 130 = -2*r, 0 = 4*c + 2*r - 722 + 212. Suppose 125 = 4*x - f, -5*x + 2*f + 32 = -c. Let p = x - 5. What are the prime factors of p?
5
What are the prime factors of (-1)/3*(2 + -8765)?
23, 127
Let g(q) = q**3 - 10*q**2 + 12*q - 20. Let x be g(9). Suppose 5*a = x*a. Suppose 4*m - 5*m + 39 = a. What are the prime factors of m?
3, 13
List the prime factors of (-26 - 189)/((-3)/21).
5, 7, 43
Suppose n - 6*n + 10 = 0. Let f be ((4 - 3)*-26)/n. Let k(i) = i**2 + 10*i - 14. What are the prime factors of k(f)?
5
Let d = 16 - 2. Let w(o) = o**3 - 15*o**2 + 13*o + 18. Let b be w(d). Suppose -b = -u + 29. List the prime factors of u.
3, 11
Suppose 4*c - b - 6 = 4*b, 16 = 2*c + 4*b. Let s be (0 + c/(-4))/1. What are the prime factors of (s/3)/(5/(-75))?
5
Let r = -19 + 185. Let q = -41 + r. What are the prime factors of q?
5
Suppose 0 = -4*b - 0*b - 24. Let n be (3 + b/(-3))/(-1). Let k(d) = -d**3 - 4*d**2 + 2*d + 1. What are the prime factors of k(n)?
2
Let j(k) = 2*k**2 + 3*k + 7. Let r(m) = -2*m - 20. Suppose -4*y = z, 26 - 10 = -3*z - 4*y. Let g be r(z). List the prime factors of j(g).
3
Let b(j) = -j**2 + 11*j + 4. Let k be b(11). Suppose y = 2*q + k*y - 380, -2*q + 5*y + 412 = 0. List the prime factors of q.
2, 7
Let d = 2827 + -1694. Let k = -581 + d. List the prime factors of k/(-16)*2/(-3).
23
Let l(z) = -z**2 - z - 5 + 2 - 11*z - 6. List the prime factors of l(-4).
23
Suppose 5*h + 1544 = 4*w, -2*w - 3*w + h = -1909. Suppose -28*y = -